What are the prime factors of 277763?
17, 16339
What are the prime factors of 103315?
5, 20663
What are the prime factors of 1029731?
1029731
List the prime factors of 3788322.
2, 3, 631387
What are the prime factors of 66322?
2, 33161
What are the prime factors of 185340?
2, 3, 5, 3089
List the prime factors of 1560640.
2, 5, 4877
What are the prime factors of 3723396?
2, 3, 310283
What are the prime factors of 19731668?
2, 11, 43, 10429
List the prime factors of 110223.
3, 37, 331
List the prime factors of 1115271.
3, 83, 1493
List the prime factors of 40179357.
3, 19, 234967
What are the prime factors of 4944000?
2, 3, 5, 103
What are the prime factors of 865959?
3, 288653
List the prime factors of 310575.
3, 5, 41, 101
What are the prime factors of 349764?
2, 3, 29147
What are the prime factors of 174890?
2, 5, 17489
What are the prime factors of 28863286?
2, 14431643
List the prime factors of 17344124.
2, 7, 101, 6133
List the prime factors of 1175229.
3, 11, 1319
What are the prime factors of 1315885?
5, 17, 113, 137
List the prime factors of 126693.
3, 7, 2011
List the prime factors of 542902.
2, 271451
List the prime factors of 2490671.
47, 197, 269
List the prime factors of 1209851.
29, 41719
List the prime factors of 165221.
7, 23603
What are the prime factors of 1021436?
2, 13, 1511
List the prime factors of 380937.
3, 43, 2953
What are the prime factors of 25789560?
2, 3, 5, 214913
List the prime factors of 555269.
11, 13, 353
What are the prime factors of 79434?
2, 3, 1471
What are the prime factors of 181938?
2, 3, 30323
List the prime factors of 726776.
2, 90847
What are the prime factors of 73033?
199, 367
List the prime factors of 8578575.
3, 5, 71, 179
What are the prime factors of 949100?
2, 5, 9491
List the prime factors of 358824.
2, 3, 14951
What are the prime factors of 13260586?
2, 6630293
What are the prime factors of 1740791?
13, 359, 373
What are the prime factors of 37967?
37967
What are the prime factors of 13465385?
5, 569, 4733
What are the prime factors of 2093159?
17, 123127
What are the prime factors of 1548032?
2, 6047
List the prime factors of 252486.
2, 3, 13, 83
List the prime factors of 99359.
13, 7643
List the prime factors of 152252.
2, 17, 2239
List the prime factors of 17016249.
3, 59, 96137
What are the prime factors of 291234?
2, 3, 48539
What are the prime factors of 265078?
2, 11, 12049
What are the prime factors of 286686?
2, 3, 5309
List the prime factors of 392001.
3, 41, 3187
What are the prime factors of 148732?
2, 19, 103
What are the prime factors of 19662751?
19662751
What are the prime factors of 1500037?
7, 11, 23
What are the prime factors of 8515364?
2, 11, 13, 14887
What are the prime factors of 3611480?
2, 5, 17, 47, 113
What are the prime factors of 15376989?
3, 29, 176747
List the prime factors of 1950280.
2, 5, 48757
What are the prime factors of 75107?
19, 59, 67
What are the prime factors of 406931?
7, 61, 953
List the prime factors of 1319890.
2, 5, 11, 13, 71
What are the prime factors of 1076402?
2, 538201
List the prime factors of 414478.
2, 207239
What are the prime factors of 6717056?
2, 97, 541
List the prime factors of 2798272.
2, 23, 1901
List the prime factors of 661791.
3, 13, 71, 239
What are the prime factors of 1401275?
5, 23, 2437
List the prime factors of 3416763.
3, 7, 162703
List the prime factors of 181598.
2, 29, 31, 101
What are the prime factors of 960504?
2, 3, 31, 1291
What are the prime factors of 315452?
2, 17, 4639
What are the prime factors of 3022847?
3022847
What are the prime factors of 4884346?
2, 2442173
List the prime factors of 1279129.
503, 2543
List the prime factors of 207733.
43, 4831
What are the prime factors of 2240517?
3, 746839
List the prime factors of 19448938.
2, 23, 422803
List the prime factors of 16333934.
2, 8166967
List the prime factors of 312499.
11, 28409
What are the prime factors of 2506722?
2, 3, 31, 13477
What are the prime factors of 966845?
5, 11, 17579
List the prime factors of 2237993.
227, 9859
List the prime factors of 302398.
2, 47, 3217
What are the prime factors of 264782?
2, 7, 18913
What are the prime factors of 3323692?
2, 830923
What are the prime factors of 1221433?
17, 71849
What are the prime factors of 4634404?
2, 17, 19, 211
List the prime factors of 6761465.
5, 1352293
What are the prime factors of 28379?
13, 37, 59
What are the prime factors of 26337?
3, 8779
List the prime factors of 7083477.
3, 262351
List the prime factors of 700864.
2, 47, 233
List the prime factors of 1963449.
3, 17, 41, 313
What are the prime factors of 1033989?
3, 11, 31333
List the prime factors of 2994665.
5, 598933
What are the prime factors of 8589942?
2, 3, 159073
What are the prime factors of 79574?
2, 11, 3617
List the prime factors of 2448911.
631, 3881
List the prime factors of 2220739.
19, 116881
List the prime factors of 663264.
2, 3, 7, 47
What are the prime factors of 414617?
7, 61, 971
What are the prime factors of 64236?
2, 3, 53, 101
List the prime factors of 412908.
2, 3, 19, 1811
List the prime factors of 745697.
745697
List the prime factors of 14383634.
2, 1279, 5623
List the prime factors of 336421.
23, 14627
List the prime factors of 2142879.
3, 193, 3701
List the prime factors of 598409.
7, 85487
List the prime factors of 498473.
503, 991
List the prime factors of 230.
2, 5, 23
What are the prime factors of 1983535?
5, 31, 67, 191
List the prime factors of 18155187.
3, 2017243
What are the prime factors of 186690?
2, 3, 5, 7, 127
List the prime factors of 213674.
2, 19, 5623
List the prime factors of 6532524.
2, 3, 181459
What are the prime factors of 3023136?
2, 3, 3499
What are the prime factors of 1199126?
2, 103, 5821
What are the prime factors of 332341?
109, 3049
List the prime factors of 3313098.
2, 3, 103, 1787
What are the prime factors of 5585164?
2, 13, 19, 5653
What are the prime factors of 4940222?
2, 7, 31, 11383
List the prime factors of 3215082.
2, 3, 13, 47, 877
What are the prime factors of 2743744?
2, 43, 997
List the prime factors of 690840.
2, 3, 5, 19, 101
List the prime factors of 9480645.
3, 5, 17
What are the prime factors of 201622?
2, 100811
What are the prime factors of 705381?
3, 17, 13831
What are the prime factors of 204673?
7, 4177
List the prime factors of 5420257.
31, 53, 3299
List the prime factors of 3601500.
2, 3, 5, 7
List the prime factors of 2091362.
2, 7, 13, 11491
List the prime factors of 357307.
103, 3469
List the prime factors of 137938.
2, 17, 4057
What are the prime factors of 85611?
3, 28537
What are the prime factors of 2222907?
3, 740969
List the prime factors of 4305057.
3, 149, 9631
What are the prime factors of 209672?
2, 26209
What are the prime factors of 1759770?
2, 3, 5, 19553
List the prime factors of 25226434.
2, 199, 241, 263
What are the prime factors of 14191190?
2, 5, 13, 173, 631
What are the prime factors of 30578?
2, 15289
What are the prime factors of 1973508?
2, 3, 29, 53, 107
What are the prime factors of 904964?
2, 226241
What are the prime factors of 1482131?
7, 83, 2551
List the prime factors of 977070.
2, 3, 5, 32569
List the prime factors of 1799309.
1799309
What are the prime factors of 120570?
2, 3, 5, 4019
List the prime factors of 3313331.
7, 67619
What are the prime factors of 6331588?
2, 37, 179, 239
What are the prime factors of 70570?
2, 5, 7057
What are the prime factors of 2472222?
2, 3, 412037
List the prime factors of 128247.
3, 7, 31, 197
What are the prime factors of 13503268?
2, 41, 137, 601
List the prime factors of 26666436.
2, 3, 2222203
What are the prime factors of 2643222?
2, 3, 440537
List the prime factors of 1411284.
2, 3, 7, 53, 317
List the prime factors of 167687.
13, 12899
What are the prime factors of 29067845?
5, 83, 89, 787
List the prime factors of 5979055.
5, 1195811
List the prime factors of 1183740.
2, 3, 5, 109, 181
What are the prime factors of 14363502?
2, 3, 2393917
List the prime factors of 11305799.
17, 665047
List the prime factors of 375243.
3, 11, 83, 137
What are the prime factors of 3784437?
3, 59, 7127
What are the prime factors of 5429384?
2, 41, 16553
What are the prime factors of 278674?
2, 11, 53, 239
List the prime factors of 6435917.
6435917
List the prime factors of 131791.
